ose 0 = -4*a - u*z + z + 127, 4*z = 3*a - 119. Is a prime?
False
Let y(r) = -r**2 - 6*r + 5. Let m be y(-6). Suppose -m + 2 = -o. Suppose 0 = -c + 2, o*c = -x - 0*x + 43. Is x a prime number?
True
Suppose -u - u = -12. Let p be (-2)/u - (-10)/3. Suppose -p*r - 2*r + 345 = 0. Is r prime?
False
Let b = 3109 + -1356. Is b prime?
True
Let b(p) = 3*p**3 + 3*p + 1. Is b(4) prime?
False
Suppose 4*y - 16 + 0 = 0. Let k(v) = 2*v - 5. Let g be k(y). Is g/((-6)/4)*-23 a prime number?
False
Let l(j) = -j**3 + 2*j**2 + 4*j - 1. Let b be l(3). Suppose a - b = -1. Is 0 + 48/2 + a composite?
True
Let s be (-6)/(-21) + 19/7. Suppose -11 = -s*n - 2. Is (3 + -2)/(n/159) a prime number?
True
Let p(g) = -3*g**2 + 2*g + 1. Let j be p(-1). Is 6552/15 + j/(-20) composite?
True
Let i = -2575 + 5738. Is i composite?
False
Suppose 2*l = -g - 0*g - 63, 4*g = -20. Let f = 18 - l. Is f prime?
True
Let x be (-15)/20 - 5/4. Is -1 + (x - -3) + 65 a prime number?
False
Let n = 7 - 1. Suppose 2*l = n*l - 16. Let h(y) = -y**2 + 8*y - 2. Is h(l) a composite number?
True
Let j(m) = -m**2 - 9*m + 7. Let b be (-2)/(-1) + (-1 - 10). Is j(b) a prime number?
True
Suppose -o + 0*v - 4*v + 2 = 0, -5*o - 5*v = -40. Suppose -5*k + 3*y = -0*y - 165, 0 = 2*y - o. Let w = 89 - k. Is w composite?
False
Suppose x - 4*p = -9*p + 694, -2093 = -3*x - 4*p. Is x a composite number?
True
Let w(k) = -5*k + 2. Let v be w(2). Let y(r) = 58*r + 5. Let j(f) = 19*f + 2. Let p(u) = v*j(u) + 3*y(u). Is p(1) a prime number?
False
Suppose -7*a + 3*a = 260. Suppose -2*j - 204 + 6 = 0. Let t = a - j. Is t composite?
True
Let b(j) = j**3 + 9*j**2 - 11*j. Is b(-10) prime?
False
Suppose 3*s - 3 = -z + 8*s, -59 = 2*z + 3*s. Let u = -171 - z. Is 6/(-21) + u/(-7) a composite number?
True
Let r = 4 + -6. Is r/((-2)/(-57))*-1 prime?
False
Let u(w) = -w**2 + 4*w - 1. Let a be u(2). Let g be (516/(-18))/((-2)/a). Suppose g = 4*f - 9. Is f composite?
False
Suppose -4*p = 2 + 26. Let g be (-7)/(-4)*(15 + -3). Let q = p + g. Is q a composite number?
True
Suppose -23 = -5*t - n, 0*n + 4*n - 17 = -5*t. Let x(q) = 6*q**3 - 7*q**2 - 2*q + 12. Is x(t) prime?
True
Let g(m) = 97*m + 8. Let t be g(6). Suppose 3*b - t = -2*b. Is (b/4)/(2/4) a prime number?
True
Let m be 1/4 + (-7)/(-4). Let n be -1*(0 + -2)/(-2). Is (-33 + m + 0)/n a prime number?
True
Let r(g) = 7*g**2 + 6*g - 7. Let o be 2/(3/3) + 1. Is r(o) prime?
False
Suppose -2 = -3*x + 2*x. Suppose -j = 4*p + j + 462, -5*p - 577 = x*j. Let u = p + 168. Is u composite?
False
Let o(k) = k**3 + 8*k**2 + 6*k - 7. Let l be o(-7). Suppose l*c = -c. Suppose -2*j = -m + 33, c = -m - 6*j + 2*j + 9. Is m prime?
False
Let a = -95 - -237. Is a a composite number?
True
Suppose -k + 580 + 1179 = 0. Is k prime?
True
Let c(b) be the second derivative of -b**5/20 - b**4/3 + b**3 - b**2/2 - 3*b. Is c(-6) a prime number?
False
Let d(k) = -27*k + 2 - 2 + 2. Suppose y + 3*v = -3*y - 6, y - 1 = -2*v. Is d(y) a prime number?
True
Suppose 3*o + 1 = 2*o - 2*b, 2*b - 2 = -2*o. Suppose -140 = -7*s + o*s. Is s a prime number?
False
Let b = -16 + 52. Let z = b + -95. Is (-1)/1 - (z + 3) a prime number?
False
Let w(z) = 15*z**2 + 24*z + 46. Is w(-7) a composite number?
False
Let h = 110 + 581. Is h a composite number?
False
Suppose -2*z = i - 21, 3*z - i = 3*i + 4. Suppose 5*n - 2 = z. Suppose n*k + 170 = 7*k. Is k a prime number?
False
Let g be (-4)/(-6)*(2 + 1). Let d(a) = 42*a**3 - 2*a**2 + a - 1. Is d(g) composite?
True
Suppose 2*k + k = 0. Let o be (k - -1)/(1/(-27)). Let y = o - -62. Is y prime?
False
Let b(d) = d - 2. Let v be b(7). Suppose -u = -v*y - 0*y - 118, -4*u + 3*y = -489. Is u a composite number?
True
Suppose 81 = -3*f - 4*b - 85, 2*b = -2*f - 114. Suppose -t - 114 = -h, -115 = -2*t - 3*h - 348. Let u = f - t. Is u prime?
True
Let z(a) = 2*a - 3. Suppose -3*p - 15 = -s - 2*s, 2*p + 20 = 4*s. Suppose -2*g + j + 10 = p, 2*j - 15 = -0*g - 3*g. Is z(g) composite?
False
Is (-9870)/(-24) + 3/(-12) prime?
False
Let r be 2/(-4) + 11/2. Let f be -5 + r - 124*1. Let c = -89 - f. Is c a composite number?
True
Suppose 0 = 4*k - 3*h - 357, 5*k - 6*h - 455 = -4*h. Is k a composite number?
True
Suppose 3*b - 36 = -0*b. Let c = b + -23. Let x = 100 + c. Is x prime?
True
Let r be (-8)/(-20) - 64/10. Let a(k) = -2*k**3 + 2*k**2 + k - 4. Let c(q) = 3*q**3 - 3*q**2 - 2*q + 7. Let o(m) = r*c(m) - 11*a(m). Is o(3) composite?
True
Suppose -4*j = -3*y - 3, 18 = -0*y + 2*y + 4*j. Let f be 0/2 + (-1 - -13). Suppose 5*p - f = -2*q + 65, -y = -p. Is q composite?
False
Suppose -5*d - 5*k - 20 = -3390, 4*k = 2*d - 1378. Is d a prime number?
False
Suppose 0*o = -6*o + 990. Suppose -o + 29 = -5*w + 3*p, 0 = w + 5*p - 16. Is w a composite number?
True
Suppose -6 = -3*v, 7*v - 4563 = -5*l + 3*v. Is l a prime number?
True
Let g(z) = -78*z - 83. Is g(-19) a prime number?
True
Suppose -910 - 318 = -4*z. Is z composite?
False
Let v(y) = 6*y**3 + 2*y**2 - 1. Let u be v(-1). Is u/15*(-894)/2 prime?
True
Is 443*-4*((-21)/(-12))/(-7) a composite number?
False
Suppose -5080 = -2*d - 3*d. Suppose d = 5*p - p. Suppose -3*m = -m - p. Is m composite?
False
Let s(o) = o**3 + 5*o**2 + 5. Let x be s(4). Let i = x - 100. Suppose -4*n - 9 = -i. Is n prime?
False
Suppose 0 = -l + 3*f - 8 - 2, -20 = -4*f. Suppose -2*b + 316 = -2*y + l*y, -5*b + 799 = 3*y. Is b prime?
False
Let h = -370 - -531. Is h prime?
False
Let w(h) = -110*h - 1. Let j be w(-1). Suppose 2*d - j = -25. Suppose 0 = -2*n + 4*n - d. Is n a composite number?
True
Suppose -2*n - 44 = -6. Let b = n - -41. Is b a composite number?
True
Suppose 2*m = 5*m + 6. Let s(g) = -2*g**3 + g**2 + 4*g + 3. Is s(m) composite?
True
Let p = -69 - -106. Is p prime?
True
Let b = -1133 + 1896. Is b a prime number?
False
Suppose 81 + 75 = 4*g. Is g a composite number?
True
Let t(l) = 10*l - 8. Let u be t(6). Suppose -3*m = m - u. Is m a composite number?
False
Suppose 0*u = -3*u - 21. Let i(n) be the second derivative of n**5/20 + 11*n**4/12 - 2*n**3/3 - n**2/2 - 2*n. Is i(u) a composite number?
False
Suppose 0 = -3*s - s + 16. Suppose 0*c - s = c. Let p(f) = -2*f**3 - 6*f**2 - 6*f - 5. Is p(c) a prime number?
False
Let i be (2/6)/(2/36). Let q(n) = 6*n + 3. Is q(i) composite?
True
Suppose -2*z = -10, 3*g - 78 - 149 = -4*z. Is g prime?
False
Let l = 631 + -392. Is l a composite number?
False
Suppose 0*y = -3*w - 3*y + 150, 2*y = -3*w + 153. Suppose 4*h - w - 31 = 0. Is h composite?
True
Suppose 3*a - 5*a = 3*r - 654, -3*a = -9. Let y = r + -119. Is y composite?
False
Let g(v) = 6*v**2 - 6*v + 7. Let y(d) = d + 2. Let j be y(0). Let k be ((-5)/j)/(2/(-4)). Is g(k) prime?
True
Let t(q) = 4*q + 1381. Is t(0) composite?
False
Suppose 0*i = -3*g + 3*i + 624, 2*i - 6 = 0. Let w = g + -116. Is w composite?
True
Suppose 0 = 3*f - 28 - 173. Is f a prime number?
True
Let u = -8 - 1. Let g(q) = -q - 4. Let l be g(u). Suppose l*k - 4*y - 12 = 0, -5*y + 15 - 5 = 0. Is k a composite number?
True
Let q(d) = -d**2 + 27 + 0*d**3 - d**3 + 4. Let a = -38 + 38. Is q(a) composite?
False
Is (240 + -1)*(-30)/(-14 - -4) prime?
False
Let h(d) = d**3 + d**2 - d. Let q(g) = -g**3 - 8*g**2 + 2*g - 8. Let j(p) = 2*h(p) + q(p). Let c be j(9). Suppose -6*k + c = -k. Is k a prime number?
True
Let j(b) = 105*b - 27. Is j(8) prime?
False
Let w(d) = d**2 + 2*d - 1. Suppose -4*f + 7 = 23. Is w(f) a prime number?
True
Suppose 3 + 6 = 3*r. Suppose -5*b = 2*j + 167 - 16, -b = r*j + 194. Let x = j + 156. Is x a composite number?
True
Let a(i) = -28*i + 22. Is a(-10) a prime number?
False
Let s(l) be the second derivative of -l**4/12 + 5*l**3/3 - 9*l**2/2 - 2*l. Is s(8) a composite number?
False
Let j = -4 - -1. Let f = j - -5. Suppose 6*i + 48 = f*m + 3*i, 59 = 3*m + 2*i. Is m a composite number?
True
Suppose -4595 + 800 = -5*d. Suppose m = -2*m + d. Is m a prime number?
False
Let i(p) = 8*p**3 + p + 1. Is i(2) a composite number?
False
Suppose -g = 4*c - 551, g + 4*c = 5*c + 576. Is g prime?
True
Suppose 5*w + o - 65 = 6*o, 11 = -w - 5*o. Is 24/w*(-33)/(-4) a prime number?
False
Let w be (-48)/(-27) + (-4)/(-18). Suppose 91 = a + 3*s, -a + w*a = 3*s + 115. Is a a prime number?
True
Let x = 551 - 256. Is x a prime number?
False
Is 8/(-4)*187/(-2) composite?
True
Let p = 74 - -467. Is p prime?
True
Suppose -6*w + 3871 = -1775. Is w a